 remainder when 407198 is divided by 81437.
13
Calculate the remainder when 210080322 is divided by 2275.
2272
What is the remainder when 329174 is divided by 329172?
2
What is the remainder when 10292883 is divided by 122?
109
What is the remainder when 11874357 is divided by 1696336?
5
What is the remainder when 2166557 is divided by 2166538?
19
What is the remainder when 157313 is divided by 157313?
0
Calculate the remainder when 86158922 is divided by 213.
209
What is the remainder when 25820520 is divided by 566?
166
What is the remainder when 5314489 is divided by 567?
565
Calculate the remainder when 18832317 is divided by 813.
798
What is the remainder when 113973 is divided by 4468?
2273
Calculate the remainder when 998804 is divided by 13872.
20
What is the remainder when 1171447 is divided by 1359?
1348
Calculate the remainder when 124152 is divided by 8857.
154
What is the remainder when 40758 is divided by 2042?
1960
Calculate the remainder when 4933322 is divided by 62.
44
What is the remainder when 2754311 is divided by 916950?
3461
What is the remainder when 509426175 is divided by 14?
13
Calculate the remainder when 121345 is divided by 6710.
565
Calculate the remainder when 4446398 is divided by 477.
281
What is the remainder when 13931 is divided by 1151?
119
What is the remainder when 665998 is divided by 1507?
1411
Calculate the remainder when 638274 is divided by 3483.
885
Calculate the remainder when 814908 is divided by 70.
38
Calculate the remainder when 275126 is divided by 20.
6
Calculate the remainder when 149596276 is divided by 878.
2
What is the remainder when 78357031 is divided by 201?
196
Calculate the remainder when 4163552 is divided by 2578.
82
Calculate the remainder when 2111535 is divided by 7851.
7467
What is the remainder when 23959373 is divided by 1136?
1133
What is the remainder when 4947 is divided by 2599?
2348
Calculate the remainder when 3231294 is divided by 201.
18
What is the remainder when 3382194 is divided by 2543?
4
Calculate the remainder when 696541 is divided by 193.
4
What is the remainder when 3947526 is divided by 64?
6
Calculate the remainder when 259041 is divided by 129490.
61
What is the remainder when 1367009 is divided by 270?
269
Calculate the remainder when 2781197 is divided by 1390597.
3
Calculate the remainder when 69536 is divided by 16187.
4788
Calculate the remainder when 269107 is divided by 19219.
41
What is the remainder when 2544132 is divided by 1423?
1231
Calculate the remainder when 275266131 is divided by 2574.
2571
Calculate the remainder when 17029254 is divided by 4073.
41
What is the remainder when 19785479 is divided by 565299?
14
What is the remainder when 4899608 is divided by 391?
378
What is the remainder when 213104 is divided by 9624?
1376
What is the remainder when 17101647 is divided by 39?
30
What is the remainder when 151931 is divided by 6074?
81
Calculate the remainder when 1567576 is divided by 239.
214
What is the remainder when 2302021 is divided by 31?
23
Calculate the remainder when 491381 is divided by 1247.
63
Calculate the remainder when 38881384 is divided by 255.
4
What is the remainder when 31375 is divided by 2888?
2495
Calculate the remainder when 3029731 is divided by 2002.
705
What is the remainder when 539683 is divided by 38547?
25
Calculate the remainder when 900180 is divided by 69234.
138
Calculate the remainder when 81850 is divided by 107.
102
What is the remainder when 1007457 is divided by 3119?
20
Calculate the remainder when 40429704 is divided by 1754.
4
Calculate the remainder when 209783 is divided by 11625.
533
What is the remainder when 14142721 is divided by 12266?
23
What is the remainder when 788346 is divided by 394155?
36
Calculate the remainder when 2495393 is divided by 139.
65
Calculate the remainder when 6676109 is divided by 158.
135
What is the remainder when 3020551 is divided by 503388?
223
What is the remainder when 95355 is divided by 93586?
1769
Calculate the remainder when 1319379 is divided by 1877.
1725
Calculate the remainder when 1307779 is divided by 46691.
431
Calculate the remainder when 760896 is divided by 42270.
36
What is the remainder when 875805 is divided by 437658?
489
What is the remainder when 437701 is divided by 261?
4
What is the remainder when 279355727 is divided by 706?
705
Calculate the remainder when 491666 is divided by 1145.
461
What is the remainder when 18099 is divided by 10?
9
What is the remainder when 4728052 is divided by 22?
10
Calculate the remainder when 19315814 is divided by 114.
110
Calculate the remainder when 59876025 is divided by 658.
657
Calculate the remainder when 194435 is divided by 192604.
1831
What is the remainder when 859430 is divided by 41?
29
What is the remainder when 69746 is divided by 10932?
4154
Calculate the remainder when 8584056 is divided by 271.
131
Calculate the remainder when 8271154 is divided by 1472.
1458
Calculate the remainder when 129999600 is divided by 1986.
12
Calculate the remainder when 587582 is divided by 1985.
22
What is the remainder when 712671 is divided by 237471?
258
Calculate the remainder when 58303 is divided by 9717.
1
What is the remainder when 132504421 is divided by 1400?
21
What is the remainder when 12518 is divided by 4119?
161
Calculate the remainder when 1744957 is divided by 37126.
35
Calculate the remainder when 229372199 is divided by 3660.
3659
What is the remainder when 341177 is divided by 33996?
1217
Calculate the remainder when 8961 is divided by 6458.
2503
Calculate the remainder when 354993 is divided by 11.
1
What is the remainder when 2001020 is divided by 500249?
24
What is the remainder when 356294582 is divided by 786?
782
Calculate the remainder when 144533 is divided by 144516.
17
What is the remainder when 2524720 is divided by 315551?
312
What is the remainder when 130757319 is divided by 2459?
2453
Calculate the remainder when 120291784 is divided by 7518236.
8
Calculate the remainder when 186387 is divided by 1649.
50
Calculate the remainder when 2657434 is divided by 58.
48
Calculate the remainder when 565962 is divided by 681.
51
Calculate the remainder when 6384821 is divided by 16.
5
What is the remainder when 572395667 is divided by 82?
79
Calculate the remainder when 2558568 is divided by 255812.
448
Calculate the remainder when 140999 is divided by 17587.
303
Calculate the remainder when 4200105 is divided by 466678.
3
What is the remainder when 516343 is divided by 344?
343
Calculate the remainder when 20707840 is divided by 2256.
16
What is the remainder when 523986 is divided by 254?
238
What is the remainder when 55422 is divided by 1249?
466
Calculate the remainder when 1266225597 is divided by 192.
189
What is the remainder when 64281 is divided by 15791?
1117
Calculate the remainder when 14852 is divided by 1301.
541
Calculate the remainder when 179540 is divided by 4618.
4056
Calculate the remainder when 84859 is divided by 10957.
8160
Calculate the remainder when 17538889 is divided by 413.
18
Calculate the remainder when 141276252 is divided by 3819.
3804
Calculate the remainder when 62567555 is divided by 4265.
5
What is the remainder when 2931694 is divided by 266514?
40
Calculate the remainder when 6212259 is divided by 316.
15
Calculate the remainder when 1752584 is divided by 15.
14
What is the remainder when 2719794475 is divided by 1402?
1399
What is the remainder when 1187949398 is divided by 1970?
1968
What is the remainder when 70376 is divided by 460?
456
Calculate the remainder when 6652559 is divided by 554379.
11
Calculate the remainder when 1984160 is divided by 440.
200
What is the remainder when 6181392 is divided by 826?
434
What is the remainder when 309311774 is divided by 45?
44
Calculate the remainder when 980075 is divided by 18844.
187
Calculate the remainder when 523266 is divided by 104345.
1541
Calculate the remainder when 390190 is divided by 39017.
20
What is the remainder when 121292 is divided by 26?
2
What is the remainder when 21519478 is divided by 3481?
3417
What is the remainder when 6807598 is divided by 2269066?
400
Calculate the remainder when 661682 is divided by 4626.
164
Calculate the remainder when 885436 is divided